00986?
False
Does 223 divide 836505?
False
Is 22 a factor of 7502?
True
Is 60 a factor of 12489600?
True
Is 623 a factor of 2293263?
True
Does 21 divide 100358?
False
Is 714823 a multiple of 67?
True
Does 7 divide 390138?
True
Does 16 divide 2518056?
False
Is 61 a factor of 11521269?
False
Is 321 a factor of 170451?
True
Is 30 a factor of 19605543?
False
Does 22 divide 404700?
False
Does 61 divide 269986?
True
Does 6 divide 129400?
False
Is 60 a factor of 483540?
True
Is 483 a factor of 1720733?
False
Does 14 divide 70327?
False
Does 77 divide 179256?
True
Does 118 divide 239365?
False
Does 46 divide 17802?
True
Does 55 divide 2385185?
True
Is 106 a factor of 491779?
False
Is 34 a factor of 11220272?
True
Is 77864 a multiple of 12?
False
Does 137 divide 783640?
True
Does 46 divide 75566?
False
Is 52 a factor of 518804?
True
Is 110 a factor of 1090631?
False
Does 23 divide 1773852?
True
Does 195 divide 268593?
False
Does 546 divide 140485?
False
Is 5 a factor of 254164?
False
Is 123 a factor of 58883?
False
Is 64 a factor of 103910?
False
Is 1393035 a multiple of 21?
True
Does 3 divide 2848830?
True
Does 12 divide 354394?
False
Does 12 divide 166010?
False
Is 2290800 a multiple of 428?
False
Is 116609 a multiple of 29?
True
Is 9 a factor of 191890?
False
Is 103693 a multiple of 52?
False
Is 21 a factor of 2664795?
True
Is 80469 a multiple of 9?
True
Is 22 a factor of 101355?
False
Does 260 divide 2124200?
True
Is 351350 a multiple of 241?
False
Is 267 a factor of 127893?
True
Does 225 divide 2427591?
False
Is 659869 a multiple of 105?
False
Is 3 a factor of 1551831?
True
Is 10 a factor of 454219?
False
Is 147 a factor of 312228?
True
Is 201410 a multiple of 113?
False
Is 1822590 a multiple of 77?
True
Is 196495 a multiple of 5?
True
Does 9 divide 252705?
False
Is 657360 a multiple of 286?
False
Is 84590 a multiple of 41?
False
Is 28 a factor of 23688?
True
Is 545 a factor of 952115?
True
Is 32391 a multiple of 549?
True
Is 329 a factor of 20645131?
False
Is 24 a factor of 838776?
True
Is 461 a factor of 1146507?
True
Is 243 a factor of 1864782?
True
Is 150 a factor of 1420072?
False
Does 1669 divide 20151506?
True
Is 358882 a multiple of 96?
False
Is 31 a factor of 21793?
True
Is 116228 a multiple of 14?
True
Is 14592692 a multiple of 1718?
True
Is 162 a factor of 33696?
True
Is 616800 a multiple of 32?
True
Is 71 a factor of 1245979?
True
Is 2435400 a multiple of 54?
True
Is 99456 a multiple of 259?
True
Is 1411149 a multiple of 1568?
False
Is 198 a factor of 20058829?
False
Is 1084973 a multiple of 68?
False
Does 17 divide 1862265?
True
Is 26 a factor of 44798?
True
Is 56826 a multiple of 369?
True
Is 395797 a multiple of 118?
False
Does 3 divide 309510?
True
Is 67 a factor of 154033?
True
Is 914369 a multiple of 44?
False
Is 775494 a multiple of 162?
True
Is 493 a factor of 583219?
True
Is 6488150 a multiple of 105?
False
Does 97 divide 215474?
False
Is 13323702 a multiple of 174?
True
Does 7 divide 1787170?
True
Does 9 divide 1565019?
True
Does 35 divide 428785?
True
Is 179 a factor of 837965?
False
Is 20295 a multiple of 5?
True
Is 8924526 a multiple of 18?
True
Is 1749980 a multiple of 17?
True
Is 8 a factor of 127459?
False
Is 511119 a multiple of 5?
False
Is 26 a factor of 1229581?
False
Is 175 a factor of 385020?
False
Is 1015 a factor of 8656921?
False
Does 66 divide 4659576?
False
Is 14 a factor of 3384911?
False
Does 63 divide 40509?
True
Is 266 a factor of 536522?
True
Is 9703680 a multiple of 30?
True
Does 7 divide 9464378?
True
Does 21 divide 26156298?
True
Is 54 a factor of 180144?
True
Does 14 divide 13840?
False
Does 52 divide 3362646?
False
Is 570 a factor of 3456516?
False
Is 249 a factor of 3632624?
False
Is 316370 a multiple of 85?
True
Is 55800 a multiple of 100?
True
Is 12246714 a multiple of 669?
True
Is 5 a factor of 195239?
False
Does 96 divide 515424?
True
Is 6672223 a multiple of 10?
False
Is 363 a factor of 2057484?
True
Does 17 divide 275519?
True
Is 621934 a multiple of 65?
False
Is 720745 a multiple of 28?
False
Is 170 a factor of 205530?
True
Is 29 a factor of 530033?
True
Is 509 a factor of 4435426?
True
Does 290 divide 10105920?
True
Is 608 a factor of 4455424?
True
Does 19 divide 5196446?
False
Is 222 a factor of 383023?
False
Is 63 a factor of 988361?
False
Is 154 a factor of 1015526?
False
Does 13 divide 389003?
False
Does 150 divide 153634?
False
Does 57 divide 481536?
True
Does 7 divide 3470577?
False
Is 139 a factor of 406046?
False
Is 13 a factor of 228306?
True
Does 1817 divide 14365230?
False
Is 249301 a multiple of 82?
False
Does 34 divide 230792?
True
Is 219 a factor of 4044951?
False
Does 194 divide 4743848?
False
Is 7 a factor of 65758?
True
Does 3 divide 299414?
False
Does 11 divide 1595880?
True
Is 9 a factor of 1149654?
False
Does 54 divide 1914570?
True
Does 550 divide 2026923?
False
Is 85129 a multiple of 116?
False
Does 23 divide 635352?
True
Is 63 a factor of 329752?
False
Is 676078 a multiple of 60?
False
Is 24 a factor of 267552?
True
Is 814185 a multiple of 163?
True
Is 35 a factor of 6840575?
True
Is 2322076 a multiple of 365?
False
Does 34 divide 223924?
True
Is 9 a factor of 198176?
False
Is 61 a factor of 325984?
True
Is 86 a factor of 678884?
True
Does 9 divide 806172?
False
Does 2 divide 9905?
False
Is 65 a factor of 47535?
False
Is 648176 a multiple of 313?
False
Is 102 a factor of 7680701?
False
Does 35 divide 86590?
True
Does 129 divide 91977?
True
Is 401 a factor of 364509?
True
Is 332 a factor of 184260?
True
Is 26 a factor of 1481109?
False
Is 121 a factor of 252648?
True
Does 41 divide 61705?
True
Does 18 divide 36198?
True
Is 69 a factor of 9426905?
False
Does 156 divide 726336?
True
Is 3464768 a multiple of 15?
False
Is 366 a factor of 5321640?
True
Is 4 a factor of 130927?
False
Is 729 a factor of 731434?
False
Is 57 a factor of 963704?
False
Is 1201 a factor of 6150321?
True
Does 94 divide 701428?
True
Is 3 a factor of 173818?
False
Does 163 divide 26142167?
False
Is 743133 a multiple of 10?
False
Is 11 a factor of 248556?
True
Does 157 divide 167362?
True
Does 120 divide 12360?
True
Is 228267 a multiple of 120?
False
Does 16 divide 140626?
False
Is 107871 a multiple of 12?
False
Is 151 a factor of 115213?
True
Is 671 a factor of 6109735?
False
Is 2944566 a multiple of 22?
False
Is 16 a factor of 331554?
False
Is 5 a factor of 29295?
True
Is 78390 a multiple of 201?
True
Is 5110722 a multiple of 27?
True
Does 120 divide 1193400?
True
Is 1129608 a multiple of 602?
False
Is 70288 a multiple of 29?
False
Does 12 divide 1748892?
True
Is 2 a factor of 321941?
False
Is 16146 a multiple of 26?
True
Is 270940 a multiple of 95?
True
Is 157 a factor of 12073542?
False
Is 7 a factor of 305732?
True
Is 452451 a multiple of 34?
False
Is 17 a factor of 6456770?
True
Is 76383 a multiple of 369?
True
Is 1037040 a multiple of 870?
True
Does 285 divide 188628?
False
Does 736 divide 1596703?
False
Is 7853377 a multiple of 643?
False
Does 12 divide 1844165?
False
Does 46 divide 1523178?
False
Does 80 divide 7205467?
False
Does 11 divide 838906?
False
Is 88556 a multiple of 108?
False
Is 66 a factor of 54665?
False
Does 14 divide 119874?
False
Is 136 a factor of 37808?
True
Does 505 divide 808006?
False
Is 16 a factor of 68832?
True
Is 88 a factor of 155952?
False
Does 216 divide 637848?
True
Is 16 a factor of 149675?
False
Is 98 a factor of 14210?
True
Is 53048 a multiple of 76?
True
Is 7057536 a multiple of 32?
True
Is 51 a factor of 19533?
True
Is 11 a factor of 254177?
True
Is 1568781 a multiple of 131?
False
Is 1868737 a multiple of 160?
False
Is 12484796 a multiple of 449?
False
Is 158578 a multiple of 146?
False
Is 28089 a multiple of 12?
False
Is 894345 a multiple of 8?
False
Does 7 divide 737770?
False
Is 7 a factor of 3544?
False
Is 856342 a multiple of 19?
False
Does 53 divide 1156020?
False
Is 936 a factor of 2009592?
True
Is 880002 a multiple of 228?
False
Is 238595 a multiple of 264?
False
Is 541056 a multiple of 16?
True
Is 10743 a multiple of 2?
False
Does 11 divide 1512843?
False
Is 245187 a multiple of 9?
True
Does 23 divide 198777?
False
Does 83 divide 203765?
True
Is 6180 a multiple of 11?
False
Does 22 divide 12275736?
True
Is 8489665 a multiple of 41?
True
Is 7952